51
Let u(z) = -z**2 + 12*z + 13. Determine u(10).
33
Let b(u) = -u**3 - 7*u**2 - 6*u + 4. Calculate b(-6).
4
Let u(x) = x**2 - 9*x - 14. Give u(10).
-4
Let d(i) = -i**2 + 13*i - 8. Calculate d(17).
-76
Let g(y) = y**3 + 20*y**2 + 18*y + 6. Determine g(-19).
25
Let i(r) = r**3 + 20*r**2 + 18*r + 8. Determine i(-19).
27
Let c(l) = -9*l - 20. Determine c(-2).
-2
Let m(c) = c + 6. Give m(-2).
4
Let o(p) = p**3 + 14*p**2 + 19*p + 58. Give o(-13).
-20
Let u(p) = -17*p - 22. Calculate u(-5).
63
Let u(n) = 4*n**3 - 6*n**2 + 6*n + 2. Determine u(3).
74
Let p(u) = -u**2 - 8*u + 14. What is p(-10)?
-6
Let g(l) = l**2 - 4*l - 35. Give g(8).
-3
Let k(d) = d**3 + 17*d**2 - 11*d - 7. Calculate k(-18).
-133
Let k(l) = 10*l + 48. Give k(-11).
-62
Let n(r) = r**2 + 50*r - 327. Give n(6).
9
Let z(b) = b - 6. What is z(11)?
5
Let z(q) = q**3 - 10*q**2 - 11*q - 5. Calculate z(11).
-5
Let k(d) = d**2 + 19*d + 42. Determine k(-17).
8
Let v(y) = 8*y - 3. Give v(-1).
-11
Let f(a) = -4*a + 239. Calculate f(59).
3
Let u(a) = -2*a**3 - 2*a**2 + 3*a - 2. Calculate u(2).
-20
Let q(y) = y**3 + 9*y**2 - 26*y - 29. What is q(-11)?
15
Let b(s) = -s**2 + 3*s. What is b(2)?
2
Let z(n) = -139*n + 840. Determine z(6).
6
Let m(u) = -u**3 - 2*u**2 + 2*u - 3. Give m(-3).
0
Let g(w) = -w**2 + 28*w - 150. Calculate g(21).
-3
Let b(r) = -3*r**3 + 22*r**2 - 10*r + 16. Determine b(7).
-5
Let g(c) = -c**2 + 10*c - 35. Calculate g(4).
-11
Let f(b) = -29*b**3 + b**2. Determine f(1).
-28
Let k(c) = -c**3 - 9*c**2 - 12*c - 4. What is k(-8)?
28
Let l(w) = w**2 + 7. Determine l(0).
7
Let j(z) = z**2 + 4*z - 6. Calculate j(-5).
-1
Let j(b) = 2*b**3 + 10*b**2 + b + 11. What is j(-5)?
6
Let i(p) = -p + 61. Determine i(14).
47
Let z(o) = -o - 20. Give z(-26).
6
Let i(m) = m**3 - 5*m**2 - 7*m + 12. What is i(6)?
6
Let q(z) = 15*z - 21. Determine q(5).
54
Let h(p) = -p**2 + 32*p - 49. What is h(31)?
-18
Let z(p) = p**3 + 8*p**2 + p + 9. What is z(-8)?
1
Let v(p) = -2*p**3 + 12*p**2 + 2. Determine v(5).
52
Let a(g) = -g**2 + 12*g - 10. Determine a(8).
22
Let i(z) = 40*z**2 + 2*z - 1. What is i(1)?
41
Let u(t) = t**2 - 19*t. Give u(19).
0
Let x(r) = r**3 - 7*r**2 + 5*r - 8. Calculate x(7).
27
Let u(h) = -h**3 - 9*h**2 - 14*h + 3. What is u(-2)?
3
Let b(j) = 2*j**2 - 7*j. Calculate b(-3).
39
Let l(s) = -s**2 - 18*s + 114. Calculate l(5).
-1
Let x(r) = r**3 + 4*r**2 - 5*r + 1. Give x(-5).
1
Let a(d) = d**2 + 5*d + 1. Give a(-2).
-5
Let s(g) = -g**2 - 14*g + 16. Calculate s(-11).
49
Let d(g) = 2*g**2 - 61*g + 12. Give d(30).
-18
Let j(m) = -m**3 + 7*m**2 - 10*m + 9. Calculate j(6).
-15
Let s(u) = -4*u. Calculate s(-2).
8
Let q(y) = y**2 + 7*y + 8. Determine q(-6).
2
Let k(o) = -o**3 + 12*o**2 - 11*o - 14. What is k(11)?
-14
Let v(i) = -i**2 + 7*i + 5. Determine v(6).
11
Let o(l) = -l**3 - 13*l**2 + l + 8. What is o(-13)?
-5
Let c(m) = 2*m**2 - 4*m - 3. Give c(5).
27
Let h(b) = -8*b + 284. Determine h(35).
4
Let w(p) = p**3 + 11*p**2 + 14*p + 1. Calculate w(-4).
57
Let j(y) = 2*y + 9. Determine j(-10).
-11
Let t(s) = -s**2 - 39*s + 72. Give t(-41).
-10
Let o(u) = 3*u**3 + 62*u**2 - 22*u - 11. Calculate o(-21).
10
Let s(u) = u - 10. Give s(-25).
-35
Let j(z) = z**2 - 20*z + 27. Determine j(18).
-9
Let b(q) = q**3 - 3*q + 3. Give b(2).
5
Let u(f) = f**3 - 38*f**2 + 190*f + 71. What is u(32)?
7
Let d(v) = 2*v + 3. What is d(2)?
7
Let s(f) = f**3 - 6*f**2 - 18*f + 5. Calculate s(8).
-11
Let q(k) = k**2 - 8*k - 4. Give q(12).
44
Let s(n) = -n**2 + 6*n + 2. What is s(5)?
7
Let f(v) = 14*v**2 - 5*v - 1. Calculate f(1).
8
Let a(z) = -4*z + 15. Calculate a(4).
-1
Let i(z) = -7*z - 6. Give i(-5).
29
Let s(k) = -k**3 - 6*k**2 + k + 6. What is s(-6)?
0
Let r(f) = -5*f + 72. Determine r(18).
-18
Let q(f) = 49*f - 152. Calculate q(3).
-5
Let b(t) = t**3 - 26*t**2 + 48*t + 19. What is b(24)?
19
Let t(y) = -4*y**3 + 5*y**2 + y - 4. Calculate t(2).
-14
Let o(g) = -3*g - 3. Give o(-7).
18
Let g(k) = k**2 + 64*k + 2. Calculate g(-64).
2
Let f(o) = -o**3 + 26*o**2 + 28*o - 36. Calculate f(27).
-9
Let k(q) = -3*q + 8. Determine k(7).
-13
Let j(x) = -9*x - 467. What is j(-51)?
-8
Let l(y) = 2*y + 3. Calculate l(-1).
1
Let x(f) = f**3 - 10*f**2 - 7*f + 1. Calculate x(11).
45
Let a(n) = -n - 33. Determine a(-34).
1
Let j(h) = h**3 + 8*h**2 - 5*h - 28. Calculate j(-8).
12
Let c(q) = -q + 20. What is c(16)?
4
Let y(a) = -a**2 + 10*a - 18. What is y(3)?
3
Let d(o) = -5*o + 40. Give d(26).
-90
Let h(f) = -3*f - 15. Calculate h(-8).
9
Let m(l) = l + 11. Calculate m(-13).
-2
Let f(q) = -q - 73. Give f(-20).
-53
Let p(g) = g**2 - 27*g + 76. What is p(24)?
4
Let c(h) = h**3 - 11*h**2 + 21*h + 3. Give c(9).
30
Let v(c) = 21*c**2 - 47*c. Give v(2).
-10
Let c(s) = s**3 + 17*s**2 + 14*s - 21. Calculate c(-16).
11
Let z(p) = 8*p**2 - 2*p + 1. Calculate z(1).
7
Let i(u) = -u**3 + 10*u**2 - 5*u + 46. Give i(10).
-4
Let k(o) = 4*o - 16. What is k(-8)?
-48
Let p(j) = -4*j**3 + 12*j**2 - 9*j + 20. Determine p(3).
-7
Let j(s) = s**2 + 15*s - 88. Calculate j(-20).
12
Let a(q) = -q**2 - 10*q + 1. Determine a(-7).
22
Let t(c) = c**2 - 11*c + 25. Calculate t(6).
-5
Let b(d) = 2*d - 6. Calculate b(1).
-4
Let y(q) = 2*q**3 + 2*q**2 + 6*q - 1. Calculate y(-2).
-21
Let l(p) = 2*p**2 + 6*p - 17. Give l(4).
39
Let d(g) = 10*g**2 + 27*g + 3. Give d(-2).
-11
Let z(n) = n**3 - 15*n**2 + 26*n + 5. Determine z(13).
5
Let d(u) = -4*u - 3. What is d(-2)?
5
Let a(i) = 8*i**2 + 5*i + 4. Calculate a(-1).
7
Let k(m) = m**3 - 13*m**2 - m - 11. Determine k(13).
-24
Let x(g) = -g**2 - 2*g + 4. What is x(-5)?
-11
Let b(f) = 2*f + 1. What is b(-1)?
-1
Let j(u) = u**2 - 2*u - 16. Determine j(5).
-1
Let z(b) = -5*b - 11. Determine z(-3).
4
Let p(g) = -g**2 + 2*g - 4. Determine p(4).
-12
Let n(j) = -10*j**2 + 3*j - 1. What is n(1)?
-8
Let c(g) = g + 2. What is c(9)?
11
Let y(s) = -s**2 + 10*s - 8. What is y(10)?
-8
Let u(o) = 5*o + 58. Determine u(-13).
-7
Let r(v) = v**3 + 3*v**2 - 6*v. Calculate r(-5).
-20
Let f(t) = t**3 - 7*t**2 - t + 2. Determine f(7).
-5
Let m(a) = a - 3. Calculate m(5).
2
Let b(g) = g**3 - 17*g**2 - 26*g + 83. Determine b(18).
-61
Let q(l) = l - 12. Determine q(-11).
-23
Let i(f) = -10*f + 335. Determine i(33).
5
Let a(r) = r**3 - 7*r**2 - 2*r + 2. What is a(8)?
50
Let i(b) = b**2 - 52*b + 324. Determine i(45).
9
Let w(i) = i**3 + 2*i**2 + 5. Determine w(-3).
-4
Let k(t) = 10*t + 78. Give k(-7).
8
Let m(i) = 9*i + 6. Determine m(3).
33
Let o(s) = -2*s**2 - 5*s - 2. Calculate o(-4).
-14
Let w(y) = y**2 + 28*y - 51. Determine w(-30).
9
Let b(f) = f**2 - 15*f - 7. Determine b(14).
-21
Let x(a) = a**2 + 11*a + 26. What is x(-9)?
8
Let u(s) = s + 10. Determine u(-1).
9
Let i(y) = -y**3 + 3*y**2 + 27*y - 2. Calculate i(7).
-9
Let h(b) = -2*b - 11. Calculate h(-16).
21
Let h(l) = -l**2 - 17*l - 34. Determine h(-15).
-4
Let b(y) = 2*y**3 + 36*y**2 - 11. Calculate b(-18).
-11
Let c(v) = v**3 - 12*v**2 + 21*v - 25. What is c(8)?
-113
Let y(s) = -2*s - 10. Calculate y(-5).
0
Let o(t) = -86*t - 612. Give o(-7).
-10
Let h(k) = k**3 - 14*k**2 + k - 20. Give h(14).
-6
Let t(s) = 2*s**2 + 6*s - 6. What is t(-7)?
50
Let p(v) = -v**2 + 22*v - 44. Give p(18).
28
Let i(m) = -m**3 + 6*m**2 - 5*m + 8. Give i(6).
-22
Let m(f) = -4*f + 11. Determine m(3).
-1
Let r(j) = -j**2 - 6*j - 3. Determine r(-4).
5
Let z(d) = 20*d**2 + 380*d + 5. Calculate z(-19).
5
Let k(b) = b**3 + 31*b**2 + 35*b + 154. What is k(-30)?
4
Let g(m) = m**2 + 17*m + 11. Determine g(-16).
-5
Let k(c) = 2*c - 101. Calculate k(-22).
-145
Let f(j) = -j**2 - 19*j - 11. What is f(-18)?
7
Let k(r) = -2*r + 15. Give k(10).
-5
Let l(x) = -18*x - 55. Determine l(-3).
-1
Let x(y) = y - 10. Determine x(26).
16
Let p(k) = k**2 + 15*k - 6. What is p(-15)?
-6
Let w(z) = 5*z**3 + 11*z - 27. Give w(2).
35
Let y(r) = -2*r + 22. Calculate y(11).
0
Let l(i) = -i**3 + i**2 - 12*i + 43. Calculate l(3).
-11
Let y(o) = -o**3 - 3*o**2 + 9*o + 13. Determine y(-5).
18
Let j(u) = u**3 + 5*u**2 - 7*u. What is j(-6)?
6
Let w(c) = -c**2 - 6*c + 3. Give w(-3).
12
Let o(u) = 2*u**2 + 42*u - 81. Give o(2).
11
Let d(h) = 16*h - 96. Give d(6).
0
Let q(h) = 4*h**2 - 12*h + 1. Give q(2).
-7
Let r(d) = d**2 - 24*d + 135. Calculate r(10).
-5
Let w(h) = 2*h**2 + 29*h + 17. What is w(-14)?
3
Let z(f) = -3*f - 9. What is z(-6)?
9
Let x(a) = -a 